ase 14, what is 192 + -152c2?
-15130
In base 3, what is 20211112 - 10102001010?
-10011012121
In base 9, what is -38236 + -4741?
-44077
In base 11, what is -1 + 5918347?
5918346
In base 7, what is -33 - 351324?
-351360
In base 3, what is 2 - -2020222220011102?
2020222220011111
In base 13, what is c7a - -348?
12c5
In base 9, what is -871 + -26353?
-27334
In base 15, what is -19c111 + 119?
-19bee7
In base 9, what is -25532 - -1353?
-24168
In base 7, what is -2 - 3030633406?
-3030633411
In base 3, what is -20020200 - 2120120?
-22211020
In base 5, what is -13322 + -223143?
-242020
In base 16, what is -4 - -5b1f06?
5b1f02
In base 14, what is 2dd01 + 162?
30063
In base 7, what is 1445106261 - -1?
1445106262
In base 14, what is -158d999 - 3?
-158d99c
In base 13, what is 176b + -12b65?
-113c7
In base 14, what is -a - -71c80d?
71c803
In base 14, what is 2dc - 2b06?
-2808
In base 5, what is -2 + 1332242014?
1332242012
In base 13, what is 4c - -449501?
449550
In base 13, what is -7 + -1083a83?
-1083a8a
In base 13, what is -5 + 1030252?
103024a
In base 12, what is -aa8 + 23b87?
2309b
In base 5, what is -120 + 1231110311?
1231110141
In base 14, what is 24d4b + -1888?
234a3
In base 10, what is 2 + 10148385?
10148387
In base 13, what is 666 - 3576?
-2c10
In base 12, what is 1a6208b7 - 0?
1a6208b7
In base 3, what is -110001200211 - -1010?
-110001122201
In base 11, what is -9a43246a - -3?
-9a432467
In base 4, what is -3 + -1233311233222?
-1233311233231
In base 16, what is 7 + 32d7c7?
32d7ce
In base 13, what is 317c0 - 27?
31796
In base 9, what is -260030 - 25?
-260055
In base 14, what is 14cb7b - -771?
14d50c
In base 8, what is -157 - 2573476?
-2573655
In base 9, what is -471 - -383322?
382741
In base 14, what is 1b56 + 251?
1da7
In base 2, what is 0 + 111011000101100011111000?
111011000101100011111000
In base 16, what is 1 + 5920?
5921
In base 5, what is -11243240411 + 4?
-11243240402
In base 7, what is -34112160 - -4?
-34112153
In base 10, what is -14 - -19126690?
19126676
In base 3, what is 2211 + 10010201120222?
10010201200210
In base 9, what is 278 + 33312?
33601
In base 12, what is -628 - -5457?
4a2b
In base 13, what is -3a7 - -402b6?
3cc0c
In base 12, what is 1720408 - 0?
1720408
In base 7, what is -220 + 14326532?
14326312
In base 7, what is 61 + -21064224?
-21064133
In base 13, what is 18c069 + 7?
18c073
In base 8, what is 5 - -21352045?
21352052
In base 11, what is -16a53 + 12332?
-4721
In base 11, what is 800a2 - -256?
80348
In base 10, what is -2 + -2937516?
-2937518
In base 7, what is -2146 - -14565?
12416
In base 12, what is 522b + 1409?
6638
In base 14, what is -187 - -201577?
2013d0
In base 3, what is 10111101 + 101010122?
111122000
In base 5, what is 2 - -2312020123?
2312020130
In base 4, what is 113 - -1123231313?
1123232032
In base 12, what is -34b5 + -16?
-350b
In base 15, what is 116ee0 - -8e?
11707e
In base 9, what is -264 - 838572?
-838846
In base 13, what is -181 + 3a9255?
3a90a4
In base 3, what is 1020111212 + 112112?
1021001101
In base 9, what is -14708151 - 4?
-14708155
In base 6, what is -15 + 25432231?
25432212
In base 10, what is -1592570 + 9?
-1592561
In base 6, what is -25050551 + 10?
-25050541
In base 13, what is 53022 + -a87?
52268
In base 2, what is -10100 + 1011101000101001000010?
1011101000101000101110
In base 5, what is 1134034 + 1231234?
2420323
In base 8, what is -1130210 - -40?
-1130150
In base 6, what is -31405 + 344452?
313043
In base 4, what is -10001222013 + 0?
-10001222013
In base 4, what is 2 - 111232121331?
-111232121323
In base 2, what is 1101011010 + 100?
1101011110
In base 2, what is 1010 + 110110110111110?
110110111001000
In base 6, what is -2 + 111414041?
111414035
In base 4, what is -21023 - -131220003?
131132320
In base 10, what is -1043381 - -150?
-1043231
In base 9, what is -1 - -1066155181?
1066155180
In base 10, what is 12615347 - 12?
12615335
In base 9, what is 1761 + -2205?
-334
In base 14, what is -34657 + 11b7?
-33480
In base 9, what is -1352708 + 24?
-1352674
In base 7, what is 36156 - -142656?
212145
In base 11, what is 2335a + a682?
32a31
In base 3, what is 200101021000 + -20010?
200101000220
In base 2, what is 101111101111011010 + 1011001?
101111110000110011
In base 5, what is -12111432 - -1242?
-12110140
In base 10, what is 9180902 + 21?
9180923
In base 2, what is -1011000111101 + -11010111010?
-1110011110111
In base 9, what is -43161880 + 5?
-43161874
In base 4, what is 10 + 1202103023?
1202103033
In base 2, what is -111101110 + 110010111001111010?
110010110010001100
In base 13, what is -1042 + 60?
-cb2
In base 8, what is -144 - -42536130?
42535764
In base 9, what is -28117806 - 5?
-28117812
In base 9, what is 52786 + -1327?
51458
In base 15, what is 70b41d + -1?
70b41c
In base 13, what is -1b0 - -87c5?
8615
In base 11, what is -1625 + -244?
-1869
In base 10, what is 16029 + -19702?
-3673
In base 16, what is 3 - -36c60b1?
36c60b4
In base 10, what is 1975 + -78866?
-76891
In base 4, what is -21 + 2323122110?
2323122023
In base 14, what is 123 - -5a90?
5bb3
In base 9, what is 7 - -54832187?
54832205
In base 4, what is -3 - -2300223210031?
2300223210022
In base 10, what is 17924835 + -1?
17924834
In base 7, what is -130 + -1125155?
-1125315
In base 7, what is -153150 + 65031?
-55116
In base 8, what is -131264 + -11361?
-142645
In base 13, what is -245 - 25a?
-4a2
In base 4, what is -13 - -321230013033?
321230013020
In base 8, what is -403027 + -767?
-404016
In base 2, what is -11010 - 1110010001100001000?
-1110010001100100010
In base 14, what is -12c28d42 + -7?
-12c28d49
In base 7, what is 6 + 120055020?
120055026
In base 15, what is -321c - -8a53?
5836
In base 2, what is 10001011011101100001110011100 + 1?
10001011011101100001110011101
In base 8, what is -117603 - -35?
-117546
In base 6, what is -11221 - 125443?
-141104
In base 10, what is 560073 - -33?
560106
In base 13, what is -3a + -bc24a0?
-bc250a
In base 12, what is -1645 - 28328?
-29971
In base 13, what is -c67 - -362?
-905
In base 12, what is -5694b27 - 15?
-5694b40
In base 4, what is -323203012 + -23113?
-323232131
In base 5, what is 303413103 - -1202?
303414310
In base 9, what is 1874105 + 5?
1874111
In base 9, what is -158 - 76360?
-76528
In base 11, what is 4549495 - -2?
4549497
In base 3, what is -2 + -1012100222110110?
-1012100222110112
In base 5, what is -21430440 + -1031?
-21432021
In base 7, what is 130 + 2026046?
2026206
In base 9, what is 14236 - -3081?
17327
In base 3, what is -10200120211 + 112100?
-10200001111
In base 11, what is 59 - -26073a?
260798
In base 9, what is 23884677 - 15?
23884662
In base 8, what is 133001 + -142?
132637
In base 6, what is -55005454 + -45?
-55005543
In base 14, what is -d292 + 2943?
-a74d
In base 7, what is 3004310 + -243?
3004034
In base 10, what is 578442 - 588?
577854
In base 6, what is -5 - -103315020?
103315011
In base 7, what is -3054330 - -10?
-3054320
In base 15, what is -71dd16 + 2?
-71dd14
In base 5, what is 313 + -12244014?
-12243201
In base 6, what is 120344 - 22241?
54103
In base 12, what is 2762b + 774?
281a3
In base 11, what is 1550a + -a3?
15417
In base 4, what is 223213032 + 21?
223213113
In base 6, what is -224 + -3042555?
-3043223
In base 5, what is -30132302133 - 4?
-30132302142
In base 3, what is -11221110020000001 - 11?
-11221110020000012
In base 15, what is -aa2094 + 70?
-aa2024
In base 15, what is -4 - 3536142?
-3536146
In base 11, what is -3 - -1778019?
1778016
In base 2, what is -10111011 - -1010101101?
111110010
In base 2, what is 1010101111111100 - -1101000?
1010110001100100
In base 11, what is 2179 - 100a5?
-8a27
In base 8, what is -10631 - 140511?
-151342
In base 15, what is 15eb33a + 0?
15eb33a
In base 5, what is 11433132 + -1324?
11431303
In base 7, what is 4 + -3420415?
-3420411
In base 14, what is -94 + -50777?
-5082b
In base 15, what is -d44 - 4e24?
-5c68
In base 13, what is 38 - 599079?
-599041
In base 3, what is -1200002202220201 + 11?
-1200002202220120
In base 3, what is -11222201002 - 1212212?
-12001120221
In base 12, what is 140b8b7 - 3b?
140b878
In base 16, what is -e - -145978?
14596a
In base 6, what is -111042353 + 14?
-111042335
In base 2, what is -110000001010001001000 + -11001?
-110000001010001100001
In base 13, what is 13101558 - -1?
13101559
In